1220179 composite?
True
Is 3875603 prime?
True
Is 8638883 a prime number?
False
Is 64173601 composite?
False
Is 6892033 composite?
True
Is 11373151 prime?
True
Is 2584147 a composite number?
False
Is 11712395 composite?
True
Is 11661659 prime?
True
Is 729011989 a prime number?
True
Is 4331869 a composite number?
False
Is 7869343 a composite number?
False
Is 17006089 a prime number?
True
Is 72230591 composite?
True
Is 82098011 a composite number?
True
Is 1337049431 a prime number?
True
Is 2269763 composite?
False
Is 1164899 a prime number?
True
Is 252374209 a prime number?
True
Is 4172809 composite?
True
Is 149881 prime?
False
Is 17974959 composite?
True
Is 73429 prime?
False
Is 9008581 a composite number?
False
Is 284781743 a composite number?
False
Is 14640289 composite?
False
Is 45956983 composite?
False
Is 11229301 composite?
False
Is 8626857 a composite number?
True
Is 5484371 composite?
False
Is 452869 a composite number?
False
Is 18261343 prime?
True
Is 12503131 prime?
True
Is 54240551 a composite number?
False
Is 3712243 prime?
False
Is 677531 composite?
False
Is 8472017 a composite number?
False
Is 122771393 a prime number?
True
Is 164282171 a composite number?
False
Is 16299497 prime?
True
Is 558053 a composite number?
False
Is 874829 a prime number?
False
Is 1860629 composite?
False
Is 2133949 a composite number?
False
Is 272326981 a prime number?
False
Is 21561223 prime?
True
Is 192812819 a composite number?
False
Is 7260767 composite?
False
Is 2318109 composite?
True
Is 427751 composite?
False
Is 2279551 composite?
True
Is 16358227 a composite number?
True
Is 3453887 prime?
False
Is 248315663 prime?
True
Is 67116239 a composite number?
True
Is 46586 a composite number?
True
Is 10529359 composite?
True
Is 9608197 a prime number?
False
Is 37315559 prime?
True
Is 19348477 composite?
False
Is 185809831 a prime number?
True
Is 8939921 composite?
False
Is 460486339 composite?
True
Is 28393783 a prime number?
False
Is 19202473 composite?
True
Is 31204297 a composite number?
True
Is 2159059 prime?
False
Is 7788985 composite?
True
Is 2046797 a composite number?
True
Is 157110479 prime?
False
Is 16504141 composite?
True
Is 26856403 a prime number?
False
Is 1162193 a prime number?
True
Is 10746073 a composite number?
True
Is 2986003 a prime number?
True
Is 7668389 composite?
False
Is 1088903 a prime number?
True
Is 35690051 a composite number?
True
Is 1263099 a composite number?
True
Is 11166367 a prime number?
False
Is 236355629 a prime number?
True
Is 95441 prime?
True
Is 44172173 composite?
False
Is 6963739 prime?
True
Is 42221857 a composite number?
True
Is 112317709 a prime number?
False
Is 176769271 a composite number?
True
Is 103938467 composite?
False
Is 589453091 prime?
True
Is 22058579 a composite number?
False
Is 70993183 a composite number?
True
Is 6775693 a prime number?
True
Is 69200477 a prime number?
True
Is 13774213 prime?
False
Is 5012066 a prime number?
False
Is 525356751 a prime number?
False
Is 3660649 a composite number?
True
Is 764366037 a composite number?
True
Is 3570523 prime?
False
Is 11983354 a composite number?
True
Is 51891899 prime?
True
Is 122465801 prime?
False
Is 22311881 prime?
True
Is 40291999 prime?
False
Is 19753271 prime?
True
Is 24748723 composite?
False
Is 16824433 prime?
False
Is 4716253 composite?
False
Is 2806651 a composite number?
False
Is 508008827 composite?
False
Is 28223311 prime?
True
Is 9560283 prime?
False
Is 403747 composite?
True
Is 36299293 a composite number?
False
Is 5814007 prime?
False
Is 4144031 a composite number?
False
Is 28728299 a prime number?
False
Is 91401811 prime?
False
Is 488861 composite?
False
Is 1084147 a prime number?
True
Is 232104853 a prime number?
False
Is 138718999 a prime number?
False
Is 58454327 a composite number?
True
Is 509585 a prime number?
False
Is 746158445 a prime number?
False
Is 833509 a prime number?
True
Is 9506927 prime?
False
Is 1099823 prime?
True
Is 76369471 prime?
False
Is 172709 composite?
False
Is 1076195431 a prime number?
False
Is 4319273 a composite number?
True
Is 220747 a composite number?
False
Is 19542797 composite?
False
Is 75947929 prime?
True
Is 5091191 a composite number?
True
Is 49148227 composite?
True
Is 5559449 a prime number?
False
Is 62843911 prime?
False
Is 1306829 prime?
True
Is 19384237 a prime number?
False
Is 336353 a composite number?
False
Is 200971 composite?
False
Is 140597141 composite?
False
Is 9130277 a composite number?
True
Is 15333673 composite?
True
Is 2371223 a composite number?
False
Is 2661601 prime?
False
Is 224893 prime?
False
Is 12444377 a prime number?
False
Is 113891 a composite number?
False
Is 4549553 composite?
True
Is 239114899 a prime number?
False
Is 51210251 prime?
True
Is 50171767 a prime number?
False
Is 151117574 composite?
True
Is 28290643 a composite number?
False
Is 698891 a prime number?
True
Is 250182427 a prime number?
False
Is 2461135 a composite number?
True
Is 102707 a composite number?
True
Is 2334031 composite?
True
Is 670421 a composite number?
True
Is 14688589 a prime number?
False
Is 150861619 a composite number?
False
Is 4482619 a composite number?
False
Is 79463521 a prime number?
False
Is 294174263 a prime number?
True
Is 181138703 composite?
True
Is 418936855 prime?
False
Is 61916177 a composite number?
False
Is 1507867 a prime number?
True
Is 236112917 prime?
False
Is 13740673 a prime number?
True
Is 8225015 a prime number?
False
Is 5701679 a prime number?
True
Is 83730137 a prime number?
True
Is 331016657 a composite number?
True
Is 7493519 composite?
True
Is 754399 composite?
False
Is 265908943 a composite number?
True
Is 1507001 a prime number?
False
Is 512807 a prime number?
False
Is 1732571 composite?
True
Is 4336779 composite?
True
Is 28222681 a composite number?
False
Is 4866443 a composite number?
False
Is 2679681 a prime number?
False
Is 10270391 a composite number?
False
Is 50779291 prime?
True
Is 41959811 a composite number?
False
Is 6152581 a prime number?
True
Is 14746003 prime?
True
Is 1452739841 prime?
False
Is 13061351 prime?
False
Is 4123583 prime?
True
Is 8649557 composite?
True
Is 2242609 prime?
False
Is 18209599 a composite number?
False
Is 41884487 a prime number?
True
Is 1094123 composite?
False
Is 75797567 prime?
True
Is 523139 a prime number?
False
Is 1166177 a composite number?
True
Is 16652159 composite?
False
Is 5405459 composite?
False
Is 2041847 composite?
True
Is 33738361 a composite number?
False
Is 1029144251 a prime number?
True
Is 18525085 prime?
False
Is 2968513 composite?
False
Is 10874455 prime?
False
Is 24947327 a prime number?
True
Is 2572171 a prime number?
False
Is 55949527 a prime number?
True
Is 9742165 a prime number?
False
Is 2944843 a composite number?
True
Is 5254193 composite?
True
Is 59969401 a prime number?
True
Is 301267 prime?
True
Is 65358329 composite?
False
Is 2349857 a composite number?
True
Is 1885333 composite?
True
Is 917933 a composite number?
True
Is 16237183 prime?
True
Is 6902923 prime?
True
Is 33377 prime?
True
Is 44623015 composite?
True
Is 194549 composite?
True
Is 740131783 prime?
True
Is 5902289 prime?
True
Is 174649 a prime number?
True
Is 113359741 a prime number?
False
Is 2473357 a prime number?
False
Is 1215493 composite?
True
Is 1414729 prime?
False
Is 54700973 composite?
False
Is 119417 a prime number?
True
Is 5600501 a prime number?
True
Is 1264003 a composite number?
True
Is 170376797 composite?
True
Is 28555 prime?
False
Is 539226739 composite?
True
Is 552043 composite?
True
Is 47069417 composite?
True
Is 86011 a prime number?
True
Is 20614457 a composite number?
False
Is 87208027 prime?
True
Is 21358963 a composite number?
True
Is 3161503 a composite number?
True
Is 54137533 a composite number?
False
Is 437038643 a composite number?
False
Is 1682449 a composite number?
False
Is 17408683 composite?
False
Is 68771629 a composite number?
False
Is 41244349 a prime number?
False
Is 8632045 a composite number?
True
Is 252813139 prime?
False
Is 244665523 a composite number?
True
Is 84611 composite?
True
Is 3219119 a prime number?
False
Is 550427 composite?
False
Is 7680119 prime?
True
Is 3894013 a composite number?
False
Is 84546479 a prime number?
True
Is 156549823 a prime number?
True
Is 5088557 p